 units digit of 272888?
8
What is the units digit of 11498187?
7
What is the ten thousands digit of 21289491?
8
What is the units digit of 628172?
2
What is the units digit of 350702?
2
What is the thousands digit of 6217766?
7
What is the hundreds digit of 194623?
6
What is the hundreds digit of 9512906?
9
What is the tens digit of 33329?
2
What is the thousands digit of 20347?
0
What is the tens digit of 16149074?
7
What is the thousands digit of 11715?
1
What is the thousands digit of 130202?
0
What is the hundred thousands digit of 486253?
4
What is the thousands digit of 7529508?
9
What is the tens digit of 4312525?
2
What is the tens digit of 6624304?
0
What is the ten thousands digit of 1207231?
0
What is the ten thousands digit of 2441543?
4
What is the units digit of 469922?
2
What is the hundreds digit of 1374282?
2
What is the ten thousands digit of 445601?
4
What is the thousands digit of 574991?
4
What is the ten thousands digit of 1299096?
9
What is the units digit of 1432287?
7
What is the hundreds digit of 1323352?
3
What is the hundred thousands digit of 1152035?
1
What is the thousands digit of 2098109?
8
What is the tens digit of 10120474?
7
What is the units digit of 9528097?
7
What is the hundred thousands digit of 4726934?
7
What is the ten thousands digit of 3244629?
4
What is the units digit of 12827743?
3
What is the units digit of 394627?
7
What is the ten thousands digit of 56931?
5
What is the millions digit of 1936982?
1
What is the hundreds digit of 2483062?
0
What is the tens digit of 394658?
5
What is the units digit of 635051?
1
What is the thousands digit of 108153?
8
What is the ten thousands digit of 507311?
0
What is the tens digit of 731045?
4
What is the thousands digit of 493595?
3
What is the ten thousands digit of 56661?
5
What is the ten thousands digit of 6800139?
0
What is the units digit of 649234?
4
What is the hundreds digit of 1172?
1
What is the hundreds digit of 59483?
4
What is the hundreds digit of 6086697?
6
What is the tens digit of 7654647?
4
What is the hundred thousands digit of 3409805?
4
What is the hundred thousands digit of 5394861?
3
What is the hundreds digit of 3009150?
1
What is the units digit of 3003874?
4
What is the ten thousands digit of 280992?
8
What is the ten thousands digit of 203817?
0
What is the ten thousands digit of 98924?
9
What is the thousands digit of 373706?
3
What is the hundred thousands digit of 397585?
3
What is the millions digit of 10362781?
0
What is the millions digit of 1158887?
1
What is the tens digit of 21035?
3
What is the hundred thousands digit of 812503?
8
What is the ten thousands digit of 875171?
7
What is the units digit of 226745?
5
What is the hundred thousands digit of 1724380?
7
What is the ten thousands digit of 139250?
3
What is the units digit of 533638?
8
What is the units digit of 276909?
9
What is the tens digit of 227777?
7
What is the hundreds digit of 2718891?
8
What is the ten thousands digit of 352885?
5
What is the hundred thousands digit of 16635794?
6
What is the thousands digit of 286665?
6
What is the hundreds digit of 10991491?
4
What is the tens digit of 31549671?
7
What is the thousands digit of 9783060?
3
What is the hundreds digit of 4644097?
0
What is the hundreds digit of 362127?
1
What is the units digit of 1065114?
4
What is the hundred thousands digit of 2645520?
6
What is the units digit of 10058490?
0
What is the hundreds digit of 16483410?
4
What is the hundred thousands digit of 135555?
1
What is the thousands digit of 6637333?
7
What is the tens digit of 324401?
0
What is the thousands digit of 82494?
2
What is the thousands digit of 1163779?
3
What is the ten millions digit of 23591225?
2
What is the hundred thousands digit of 208314?
2
What is the thousands digit of 453877?
3
What is the units digit of 3969212?
2
What is the thousands digit of 718915?
8
What is the ten thousands digit of 9487665?
8
What is the hundreds digit of 382955?
9
What is the ten thousands digit of 5009035?
0
What is the hundreds digit of 17352805?
8
What is the tens digit of 4096037?
3
What is the hundreds digit of 321801?
8
What is the units digit of 3100934?
4
What is the hundreds digit of 3479729?
7
What is the hundred thousands digit of 14182679?
1
What is the tens digit of 130645?
4
What is the hundred thousands digit of 2412064?
4
What is the ten thousands digit of 1153546?
5
What is the hundreds digit of 7955998?
9
What is the tens digit of 47451?
5
What is the ten thousands digit of 1337932?
3
What is the ten millions digit of 16144601?
1
What is the hundreds digit of 3000418?
4
What is the hundred thousands digit of 1250867?
2
What is the thousands digit of 782241?
2
What is the hundred thousands digit of 206915?
2
What is the thousands digit of 60002?
0
What is the thousands digit of 354497?
4
What is the ten thousands digit of 14025279?
2
What is the ten thousands digit of 302954?
0
What is the ten thousands digit of 7730172?
3
What is the hundreds digit of 4079?
0
What is the millions digit of 2541687?
2
What is the ten thousands digit of 9630288?
3
What is the thousands digit of 1727185?
7
What is the millions digit of 7171706?
7
What is the hundred thousands digit of 2246342?
2
What is the units digit of 1022928?
8
What is the tens digit of 6979768?
6
What is the ten thousands digit of 227690?
2
What is the tens digit of 858522?
2
What is the thousands digit of 4602898?
2
What is the units digit of 3692400?
0
What is the hundred thousands digit of 18760814?
7
What is the hundred thousands digit of 1548598?
5
What is the thousands digit of 1098431?
8
What is the ten thousands digit of 19646895?
4
What is the ten thousands digit of 4495763?
9
What is the thousands digit of 27229342?
9
What is the ten thousands digit of 3010151?
1
What is the ten thousands digit of 374901?
7
What is the hundred thousands digit of 326331?
3
What is the hundreds digit of 6380094?
0
What is the tens digit of 229809?
0
What is the hundred thousands digit of 7887562?
8
What is the hundred thousands digit of 7402809?
4
What is the thousands digit of 2653557?
3
What is the millions digit of 4030020?
4
What is the tens digit of 6398604?
0
What is the hundreds digit of 4773469?
4
What is the units digit of 3795443?
3
What is the units digit of 2859395?
5
What is the hundred thousands digit of 855541?
8
What is the tens digit of 4874716?
1
What is the hundreds digit of 686251?
2
What is the ten thousands digit of 2032031?
3
What is the millions digit of 3418231?
3
What is the thousands digit of 2200562?
0
What is the ten thousands digit of 776764?
7
What is the hundred thousands digit of 664709?
6
What is the hundred thousands digit of 767926?
7
What is the millions digit of 1891703?
1
What is the tens digit of 7813?
1
What is the thousands digit of 104357?
4
What is the units digit of 840547?
7
What is the hundred thousands digit of 705713?
7
What is the millions digit of 8921639?
8
What is the millions digit of 1410529?
1
What is the tens digit of 492249?
4
What is the units digit of 8789449?
9
What is the ten thousands digit of 15376023?
7
What is the ten millions digit of 15737593?
1
What is the tens digit of 681197?
9
What is the thousands digit of 5592438?
2
What is the units digit of 280438?
8
What is the units digit of 16874642?
2
What is the tens digit of 5035915?
1
What is the hundreds digit of 1037852?
8
What is the hundreds digit of 1470698?
6
What is the ten thousands digit of 200680?
0
What is the thousands digit of 417506?
7
What is the units digit of 1015553?
3
What is the units digit of 4204621?
1
What is the thousands digit of 5312?
5
What is the thousands digit of 17847953?
7
What is the hundreds digit of 704170?
1
What is the millions digit of 7147606?
7
What is the thousands digit of 18523169?
3
What is the ten millions digit of 12763876?
1
What is the millions digit of 5287836?
5
What is the hundred thousands digit of 820405?
8
What is the millions digit of 13968286?
3
What is the thousands digit of 153686?
3
What is the units digit of 2648738?
8
What is the ten millions digit of 10597382?
1
What is the tens digit of 4048048?
4
What is the ten thousands digit of 826430?
2
What is the thousands digit of 105094?
5
What i